/27.
3
Let o be (2*14)/((-4)/(-2)). Calculate the remainder when o/(-5)*40/(-8) is divided by 8.
6
Suppose 0 = -4*u + 5*x + 68, 32 = u + 3*u + 4*x. What is the remainder when 45 is divided by u?
9
Let j(n) = n**2 - 3*n - 4. Let w be j(4). Suppose 3*o - 2 - 1 = w. Calculate the remainder when 9 is divided by (1 - o) + 2 + 1.
0
Suppose 0 = -2*j + 6, -23 = -x + 2*j - 5. What is the remainder when x is divided by 9?
6
Calculate the remainder when -1 + (-18)/((-2)/2) is divided by ((-11)/(-3) - 4)*-30.
7
Let g(w) = 3*w**2 - w + 2. What is the remainder when (3 + 6)/((-2)/(-10)) is divided by g(2)?
9
Let t(b) = 34*b - 3. Let a = 208 + -174. What is the remainder when t(2) is divided by a?
31
Suppose b = 2*b - 6. Suppose 2*g + 2*o + 22 = 3*g, 0 = -5*g + 2*o + 110. Calculate the remainder when g is divided by b.
4
Let g = 9 + -8. Let d be ((-4)/2 - -3)/g. What is the remainder when 49 is divided by d - (-2 - (0 - -10))?
10
Suppose 4*q + q - 50 = 0. Let h = q - 4. What is the remainder when 22 is divided by h?
4
Calculate the remainder when (-33 + 1)*(-7)/14 is divided by 5.
1
Let s(v) = -v**3 + 6*v**2 + 5*v + 24. What is the remainder when 19 is divided by s(7)?
9
Calculate the remainder when 24 is divided by -12*((-33)/12 + 2).
6
Let n = -1 + 1. Suppose 6*i - 2*i - 68 = n. Suppose -10*k = k - 352. Calculate the remainder when k is divided by i.
15
Suppose 0 = 3*x - 9, 7 = 3*j - j - 3*x. Let b be (-9)/(-4) + (-1)/4. Let a = b - -12. What is the remainder when a is divided by j?
6
Let i be (-11)/44 + (-34)/(-8). Let w(x) = x + 1. Calculate the remainder when 18 is divided by w(i).
3
Let p(g) = -2*g + 0*g**2 - 2 - g + 6*g**2 - 4*g**2. What is the remainder when 34 is divided by p(3)?
6
Suppose 7*f + 180 = 13*f. What is the remainder when 89 is divided by f?
29
Let x = 23 - 17. What is the remainder when 21 is divided by x?
3
Suppose 0 = 4*o + 36 - 0. Let k = -5 - o. Calculate the remainder when 9 is divided by k.
1
Let a be ((-9)/(-6))/((-6)/8). Let b be (0 - 1)*(1 - a). Let h = 8 - b. What is the remainder when 32 is divided by h?
10
Suppose -54 + 14 = -2*x. Calculate the remainder when 59 is divided by x.
19
Suppose -6*d + 0 + 108 = 0. What is the remainder when -2 - -53 - 0/(-2) is divided by d?
15
Let g(h) = 16*h - 42. What is the remainder when 206 is divided by g(6)?
44
Let c(q) = q**3 + 7*q**2 - 11*q + 1. Suppose 2*a - 7 = -23. What is the remainder when c(a) is divided by 9?
7
Let o(s) = -3*s**3 - s - 1. Let d be o(-1). Suppose 0*r + 72 = 2*y - d*r, -y + 4*r + 46 = 0. What is the remainder when y is divided by 8?
6
Suppose -11*d = -9*d - 92. Calculate the remainder when d is divided by 16.
14
What is the remainder when 77/28*(0 - -8) is divided by 8?
6
Let f be (4/8)/(3/(-36)). What is the remainder when 31 is divided by f*((-26)/6 + 3)?
7
Suppose -65 = -4*o + 243. Let j = -45 + o. Calculate the remainder when j is divided by 11.
10
Suppose 4 - 39 = -5*o. What is the remainder when 20 is divided by o?
6
Let s be 1*((-9)/(-3) - -32). Suppose -3*p + 10 + s = 2*i, 0 = -3*p + 15. Calculate the remainder when 44 is divided by i.
14
Let a(z) = -z**3 - 5*z**2 - 3*z + 4. Let u be a(-4). Suppose d + 2*d - 21 = u. Let o(l) = -l**2 + 9*l - 3. Calculate the remainder when o(d) is divided by 4.
3
Suppose -5*r + 7 = -123. Let x(z) = z + 36. Calculate the remainder when r is divided by x(-22).
12
Let r(p) = -2*p + 1. Suppose -4*a + 9*a = 15. What is the remainder when r(-4) is divided by a?
0
Suppose 6*f - 5*f - 240 = -5*n, -4*n = 5*f - 213. Suppose -l + 20 = v - 2*v, -3*l = v - 76. What is the remainder when n is divided by l?
23
Let d = -138 - -173. Calculate the remainder when d is divided by (2/(-1))/((-2)/9).
8
Suppose 5 = 5*s, w + 224 = 6*w + 4*s. What is the remainder when w is divided by 16?
12
Suppose a = 2 + 3, 0 = 5*x + 2*a - 610. What is the remainder when x is divided by 11?
10
Let x = -1 - -33. Suppose -o = -2*o + 4. Suppose 68 = o*t - 5*r, -4*t + 36 = 5*r - 32. Calculate the remainder when x is divided by t.
15
Suppose 0*x = x + 6. Suppose 3*s + 2*d = 5*d + 69, -2*d - 96 = -4*s. Calculate the remainder when s is divided by (x/10)/(2/(-30)).
7
Let a(h) = 2*h**2 + 2*h. Let v be a(-2). Suppose 46 = v*d + 2. Suppose z - 4*u = 0, -3*z - 2*u = -4*z + 10. Calculate the remainder when z is divided by d.
9
Let v = 3 + 18. Let w = v + -7. What is the remainder when 41 is divided by w?
13
Let a(f) = -f**2 + f + 10. Let i be a(0). Let u = i - 7. What is the remainder when ((-80)/(-24))/((-2)/(-3)) is divided by u?
2
Suppose -5*n = -0*n - 135. Let z be (-1272)/(-9) + 2/3. Calculate the remainder when 6/n + z/9 is divided by 9.
7
Let r(q) = -q**2 + 8*q - 4. Suppose -2*s - y = -0*y - 11, -13 = -2*s + y. What is the remainder when r(s) is divided by 5/(-2)*(-6)/5?
2
Let r = 2 - -2. Suppose r = 2*k - 2. Suppose 0 = 3*w + k, -2*j + w + 9 = 2*w. Calculate the remainder when 9 is divided by j.
4
Suppose 4*x = -5*v + x + 44, 0 = 2*v + 5*x - 10. Calculate the remainder when 39 is divided by v.
9
Let d = -3 - -15. Let j(i) = -2*i + 12. Calculate the remainder when j(-11) is divided by d.
10
Let y = 96 + -60. Calculate the remainder when y is divided by (-2)/(4/104*-4).
10
Suppose 191 = 3*y - 2*s, -s = -4*y - 4*s + 249. What is the remainder when y is divided by 26?
11
Let x be 4*(2 - (-5)/(-4)). Let z(h) = -3*h**2 + 3 - 2 + 0 - x*h + 4*h**2. Calculate the remainder when 37 is divided by z(6).
18
Let m(k) = 35*k**2 - 2*k - 2. What is the remainder when 102 is divided by m(-1)?
32
Let r(p) = -p**3 - p**2 + 2. Suppose 3*m = -m. Let z(h) = h + 58. Calculate the remainder when z(m) is divided by r(-3).
18
Suppose 34 = 5*z - 31. What is the remainder when 51 is divided by z?
12
Suppose 31 = 4*c - 25. Suppose -4 = -0*a - a. Suppose 0 = g - 3*n - 24, a*g - 5*n + 31 = 134. What is the remainder when g is divided by c?
13
Suppose 3*k - 161 + 40 = -2*a, 291 = 5*a - 4*k. What is the remainder when a is divided by 15?
14
Suppose 5*q + 4*o - 246 = -53, 5*q + o - 187 = 0. What is the remainder when 70 is divided by q?
33
Let u = -32 - -47. What is the remainder when 54 is divided by u?
9
Let y = 1 + -5. Let w = -2 + y. Let b(k) = -3*k - 3. What is the remainder when 42 is divided by b(w)?
12
What is the remainder when 3 is divided by -3 + (-3)/(12/(-16))?
0
Let v(x) = -x**2 + 4*x - 1. Let m be v(3). Let u(l) = 3*l + 3 - 2*l - l**3 - 7 + 11*l**m + 1. What is the remainder when u(11) is divided by 5?
3
Let k = 3 + 3. Calculate the remainder when ((-14)/(-5))/(1/10) is divided by (k + -10)/((-4)/10).
8
Suppose 4*i + 0*i - 4 = 0. Let p(v) = v**2 + 5*v - 4. Let o = -5 - 1. What is the remainder when p(o) is divided by i?
0
Suppose 0 = 5*b + 3*a + 2*a - 120, a - 64 = -3*b. What is the remainder when 28 is divided by b?
8
Let u be 70/4*42/35. Calculate the remainder when 37 is divided by (u/6 + -3)*20.
7
Let n = -17 + 33. Suppose 2*s - n = s. Let m(q) = -9*q + 4. Calculate the remainder when m(-3) is divided by s.
15
Suppose 0 = 2*j - 6*j. Suppose 5*s = -2*b + 35, 51 = 4*s - 3*b - j*b. Calculate the remainder when 47 is divided by 3*-16*(-3)/s.
15
Let j = -7 - -11. Suppose 0*u - u + o + 12 = 0, j*o = u - 9. What is the remainder when 50 is divided by u?
11
Let g(j) = -j**2 + 20*j + 4. What is the remainder when g(10) is divided by 21?
20
Let g(t) = 2*t - 7. Let s be g(5). Suppose 2*b - 155 = -5*l - s*b, -l = -2*b - 34. Let y = 48 - l. What is the remainder when y is divided by 6?
4
Let t be 0 + 0 - (-6 - -4). Calculate the remainder when (-39)/(-9) + t/(-6) is divided by 3.
1
Let o be (2/7)/((-4)/(-28)). Suppose 8*m - 4*h - 55 = 3*m, 3*m + o*h = 33. What is the remainder when 41 is divided by m?
8
Suppose 0 = -n - 3*n - a - 363, -348 = 4*n + 4*a. What is the remainder when 44 is divided by n/(-1)*4/16?
21
Let p(q) = -q**2 + 2*q + 14. Calculate the remainder when p(0) is divided by 8.
6
Suppose -28 = 2*j - 4*j. Let t = 158 + -83. Suppose 4*k - t = k. Calculate the remainder when k is divided by j.
11
Let i(t) = t**3 - 6*t**2 - 2*t + 5. Let n be i(6). Let s(v) = 3*v + 2 - 3*v**2 + 3*v**2 + 8 + v**2. Calculate the remainder when s(n) is divided by 13.
12
Suppose 0*l + 3 = -m - l, -5*l + 3 = -4*m. Let z be m + 3*12/9. Suppose c = -z*s + 26, -c + 13 = s + c. What is the remainder when s is